{"id":129,"date":"2018-04-30T11:12:03","date_gmt":"2018-04-30T08:12:03","guid":{"rendered":"http:\/\/ozbatmanmetal.com\/?page_id=129"},"modified":"2018-04-30T16:07:39","modified_gmt":"2018-04-30T13:07:39","slug":"nakliye-hizmetleri","status":"publish","type":"page","link":"http:\/\/ozbatmanmetal.com\/?page_id=129","title":{"rendered":"\u015eehirler \u0130\u00e7i Nakliye Hizmetleri"},"content":{"rendered":"<p>&nbsp;<\/p>\n<p><img decoding=\"async\" loading=\"lazy\" class=\"alignnone size-full wp-image-241\" src=\"http:\/\/ozbatmanmetal.com\/wp-content\/uploads\/2018\/04\/sehir.jpg\" alt=\"\" width=\"270\" height=\"250\" \/><\/p>\n<p>Yerinden Hurda Al\u0131mlar\u0131 Yap\u0131yoruz Hurda nakliye ara\u00e7 filomuz ve ve hurda y\u00fckleme i\u015f makinelerimiz sayesinde \u00e7ok k\u0131sa s\u00fcrede verdi\u011finiz adresten hurda al\u0131m\u0131 yap\u0131yoruz.<\/p>\n<h4><\/h4>\n","protected":false},"excerpt":{"rendered":"<p>&nbsp; Yerinden Hurda Al\u0131mlar\u0131 Yap\u0131yoruz Hurda nakliye ara\u00e7 filomuz ve ve hurda y\u00fckleme i\u015f makinelerimiz sayesinde \u00e7ok k\u0131sa s\u00fcrede verdi\u011finiz adresten hurda al\u0131m\u0131 yap\u0131yoruz.<\/p>\n","protected":false},"author":1,"featured_media":0,"parent":0,"menu_order":0,"comment_status":"closed","ping_status":"closed","template":"","meta":[],"_links":{"self":[{"href":"http:\/\/ozbatmanmetal.com\/index.php?rest_route=\/wp\/v2\/pages\/129"}],"collection":[{"href":"http:\/\/ozbatmanmetal.com\/index.php?rest_route=\/wp\/v2\/pages"}],"about":[{"href":"http:\/\/ozbatmanmetal.com\/index.php?rest_route=\/wp\/v2\/types\/page"}],"author":[{"embeddable":true,"href":"http:\/\/ozbatmanmetal.com\/index.php?rest_route=\/wp\/v2\/users\/1"}],"replies":[{"embeddable":true,"href":"http:\/\/ozbatmanmetal.com\/index.php?rest_route=%2Fwp%2Fv2%2Fcomments&post=129"}],"version-history":[{"count":8,"href":"http:\/\/ozbatmanmetal.com\/index.php?rest_route=\/wp\/v2\/pages\/129\/revisions"}],"predecessor-version":[{"id":242,"href":"http:\/\/ozbatmanmetal.com\/index.php?rest_route=\/wp\/v2\/pages\/129\/revisions\/242"}],"wp:attachment":[{"href":"http:\/\/ozbatmanmetal.com\/index.php?rest_route=%2Fwp%2Fv2%2Fmedia&parent=129"}],"curies":[{"name":"wp","href":"https:\/\/api.w.org\/{rel}","templated":true}]}}